e factors of v.
3, 7
Let n = 0 - -10. List the prime factors of n.
2, 5
Suppose -10 = -0*g - 2*g. Let t = g - -7. Let d = -5 + t. List the prime factors of d.
7
Let x be -5 + 7 - (-43 - -2). Suppose 2*m + x - 5 = 2*w, -4*m = w - 39. List the prime factors of w.
23
Let h = -4 + 16. List the prime factors of h.
2, 3
Let v(m) = -m**2 - 7*m + 4. Suppose 0 = -4*g + 2*q - 24, 4*g - q + 3*q + 32 = 0. Let r be v(g). List the prime factors of -1*4/(r/(-9)).
3
Let k(d) be the third derivative of -d**5/60 + d**4/3 - d**2. List the prime factors of k(6).
2, 3
Let b(f) = -f**2 + 5*f + 5. Let r be (-30)/(-2)*3/9. What are the prime factors of b(r)?
5
Let d = 86 - 48. Suppose s - 4*a - d = 0, 84 = 4*s + 2*a - 14. List the prime factors of s.
2, 13
Let y = -4 + 31. Let q be (-6)/y - (-130)/18. Suppose v = -o - 4*v - q, -v - 56 = -4*o. What are the prime factors of o?
13
Suppose 2*f + 0*f - 2 = 0. Let l be 5*(f + 0 - 0). Suppose 0*c = l*c - 35. List the prime factors of c.
7
Let v(g) = -5*g + 5. Let x be v(-10). Suppose 0 = -f + 4*y + 17, 5*f - x - 30 = 2*y. List the prime factors of f.
17
Let o(q) = -q**2 + 9*q - 4. Suppose -m - 2*m + 24 = 0. Let g be o(m). Suppose 9 + 13 = 2*j - s, -g*s + 33 = 3*j. What are the prime factors of j?
11
Let s(n) = -n**2 + 3*n - 5. Let c be s(5). Suppose 10*i - 3*g - 120 = 5*i, -i + 24 = 5*g. Let l = c + i. What are the prime factors of l?
3
Suppose -22 = -2*u - 2*n, -u - n = n - 9. Suppose 0*h - 4*h + u = -i, -3*h = -3*i + 6. Suppose i*k - 36 = 3*k. What are the prime factors of k?
3
Let o = 86 + -38. What are the prime factors of o?
2, 3
Suppose 0 = -5*v + 58 - 43. List the prime factors of v.
3
Suppose -q - 8*v + 50 = -3*v, 3*v = 12. Suppose -4*m + 36 = -4*l, -4*m - 3*l + q = -l. List the prime factors of m.
2
Let d = 2 - -3. Suppose -3*t + d*g + 0*g - 45 = 0, 4*g - 60 = 4*t. Let q = 22 + t. What are the prime factors of q?
7
Let l = -18 - -40. List the prime factors of l.
2, 11
Suppose -3*d - 3 = 3*t, -t - t + 18 = -3*d. Let a = t + 7. Suppose r - 3*r + a = 0. What are the prime factors of r?
5
Let h(k) = -17*k + 5. What are the prime factors of h(-3)?
2, 7
Let r(j) = -9*j**3 + 12*j**2 - 17*j + 15. Let q(b) = -4*b**3 + 6*b**2 - 8*b + 7. Let v(o) = 7*q(o) - 3*r(o). Let l = 12 - 7. List the prime factors of v(l).
2
Let x(a) = a**3 - 5*a**2 + 2*a + 2. Let b be x(4). Let l be b/(-9) - (-4)/3. Suppose 0 = z + l*z - 9. List the prime factors of z.
3
Let m be ((-1)/(-3)*0)/1. Let w(r) = -r**3 - r**2 + 2*r + 1. Let y be w(-3). List the prime factors of y + (3 - 1) + m.
3, 5
Let q = -14 - -22. Let y = 5 + q. List the prime factors of y.
13
Let i = 7 + -5. Suppose 0 = 2*h - 5*h - i*c + 58, 25 = 5*c. What are the prime factors of h?
2
Suppose 42 = 5*x - d + 5*d, 3*x - 3*d = 36. List the prime factors of (-19 - -9)*(-24)/x.
2, 3
Let u = 26 + -18. List the prime factors of (-4 + u)/(2/6).
2, 3
Suppose 43 = -5*m + 588. What are the prime factors of m?
109
Let x be (2 - (-2 - -7))*2. Let j = x - -7. Suppose j = l - 1. What are the prime factors of l?
2
Suppose 5*m + 4*p + 16 = 6, 0 = m + 3*p + 13. Suppose 0 = m*w - 2*u - 6, -4*u = -2*w + w + 18. Let f = w + 4. What are the prime factors of f?
2
Let z(v) = -11*v + 3. Suppose 1 = a + 5. List the prime factors of z(a).
47
Suppose -s = -3*o + 4*s + 135, 4*o - 2*s = 166. List the prime factors of o.
2, 5
Let d = -16 + 26. Suppose 0 - d = -2*c. Let b = c + -3. What are the prime factors of b?
2
Let l = 108 - 37. What are the prime factors of l?
71
Suppose -2*g = 2*g + 2*c - 6, 4*c = 3*g + 12. Suppose -s + 12 - 1 = d, -4*s + d + 34 = g. List the prime factors of s.
3
Suppose -y - 14 = -3*d - 53, 4*y = -3*d + 216. What are the prime factors of y?
3, 17
Let b = -22 - -21. List the prime factors of (b - -2)/((-2)/(-68)).
2, 17
Let q be (4/(-6))/(2/(-12)). Suppose -p + 0*p - 2*s + 7 = 0, p = -q*s + 7. What are the prime factors of p?
7
Let i(g) = -g + 2. Let j be i(-2). Suppose j = u + u. List the prime factors of u.
2
Suppose -9*j = 5*j - 896. What are the prime factors of j?
2
Suppose -5*c = -4*c - 116. What are the prime factors of c?
2, 29
Let f be (8 - -3) + 0/1. Let j be ((-14)/6)/((-2)/6). Let y = f - j. What are the prime factors of y?
2
Let y = 126 - 120. What are the prime factors of y?
2, 3
Suppose -5 = u + 3. Let o = u + 18. Suppose 2*m - o = -0. List the prime factors of m.
5
Let b(w) = w**3 - 2*w**2 + 5*w - 4. List the prime factors of b(2).
2, 3
Let t(x) = 3*x**3 + 2*x**2 - 2*x + 1. Let v be t(1). What are the prime factors of 34 + v*4/(-8)?
2
Let p(g) = 2*g**2 + 4*g - 3. What are the prime factors of p(-5)?
3
Let q(j) = j**3 + 7*j**2 + 4*j - 2. Let f be q(-6). Let y = f - -9. What are the prime factors of y?
19
Let n(o) = -o. Let r be n(-3). Suppose -52 = -z - r*z. What are the prime factors of z?
13
Suppose -6*z + 4*z - 2*k - 84 = 0, -k + 3 = 0. Let u = -23 - z. List the prime factors of u.
2, 11
Let b be 28/(-21)*3/(-2). Suppose 5*j = -5, 3*k = -k + b*j + 18. What are the prime factors of k?
2
Let x(i) = i**3 + 6*i**2 - 5*i - 10. Let m be x(-8). Let h = -45 - m. List the prime factors of h.
53
Let t be 0/2 + 2/1. Suppose -3*v = 2*h + 1 + 2, -9 = -t*h + v. Suppose z = h*z - 22. What are the prime factors of z?
11
What are the prime factors of (31 + -3)*3*(-28)/(-48)?
7
Let m(c) = 4*c**2 - c + 0*c**2 + c**2. What are the prime factors of m(1)?
2
Let s = -29 + 21. Let x = s + 12. What are the prime factors of 6/x*68/6?
17
Suppose 3*p = u + 85, -p = -0*p + u - 23. List the prime factors of p.
3
List the prime factors of ((-3)/6)/(2/(-72)).
2, 3
Suppose 26 - 104 = -3*l. What are the prime factors of l?
2, 13
Suppose -2 = 5*b + 8, -5*y + 5*b + 930 = 0. List the prime factors of y.
2, 23
Let r be 25/9 - 2/(-9). What are the prime factors of (r - (-6)/(-1)) + 29?
2, 13
Let s = 1 + 3. Let j = 8 - 6. Suppose -3*w + s = j*q, w + 0*q + 1 = -3*q. List the prime factors of w.
2
Let t(l) = l**3 - 9*l**2 + 2*l - 2. What are the prime factors of t(10)?
2, 59
Let s = -10 - -25. List the prime factors of s.
3, 5
Suppose 0 = 2*g - 12 - 16. What are the prime factors of g?
2, 7
List the prime factors of 4/18 + 3/((-54)/(-824)).
2, 23
Suppose 3*d = -2*d + 200. Suppose -3*t = -4*o - d, -o = 3*t + 2*o - 33. Suppose 7*b - t = 4*b. What are the prime factors of b?
2
Let q = 24 - 2. Suppose -i = i - q. What are the prime factors of i?
11
Let j = -4 + 6. Let y be ((-15)/(-6) + -2)*j. Suppose -5*l = -31 + y. List the prime factors of l.
2, 3
Let l = -6 - -6. Let r = 9 + 3. Suppose -b + l*b = -r. List the prime factors of b.
2, 3
Let a be 14/8 - (-2)/8. Suppose 8 = u - 4*m, -a*m + 0 = 5*u + 4. Suppose u = q + 4*q - 20. List the prime factors of q.
2
Suppose 9*z - 385 = 1613. List the prime factors of z.
2, 3, 37
Let n be (-2 + 3)*(445 - 2). Suppose 0 = -4*b - 2*p - 622, -3*p + 204 = -4*b - n. What are the prime factors of (-2)/(-10) + b/(-10)?
2
Suppose -v - 1 = -4*x, -v - 17 = 2*x + 2*v. Let p = 2 + x. What are the prime factors of -3*(-1 + p - 1)?
3
Let n = -35 + 120. What are the prime factors of n?
5, 17
Let z = -55 - -71. What are the prime factors of z?
2
Let y be (6/9)/((-2)/(-15)). Let x be ((-16)/(-14))/(((-20)/35)/(-2)). Suppose 110 = y*o + x*u, -4*u + 13 = -7. What are the prime factors of o?
2, 3
Suppose -5*a - 12 = -0*q + 3*q, -4*q - 5 = 3*a. Let l(s) = -2*s + 6*s**2 + 2*s - 1 + 2*s. What are the prime factors of l(q)?
7
Let q be 176/6 - (-2)/3. Suppose -5*b + q = -3*b. List the prime factors of b.
3, 5
Suppose -i + 5*v + 137 = 0, 2*v - 46 = -i + 126. List the prime factors of i.
2, 3
Suppose 4*m - 9 - 11 = 0. Let r be 5/((-10)/(-16))*1. Suppose -m*j + r + 17 = 0. List the prime factors of j.
5
Suppose 5*w = -3*w + 1536. List the prime factors of w.
2, 3
Let l = 182 - -76. What are the prime factors of l?
2, 3, 43
Suppose -3*q + 24 = 87. Let v = 7 - q. What are the prime factors of v?
2, 7
Suppose 31 + 2 = r. Let g(c) = -c**2 + 8*c - 5. Let b be g(7). Suppose -b*o - 29 = -3*d + r, 5*d + o = 99. What are the prime factors of d?
2, 5
Let h be 62/5 - 10/25. Let p be ((-6)/(-4))/(h/32). Suppose 3*v = -4*a + 58, -2*v + p = -4*a - 28. What are the prime factors of v?
2, 3
What are the prime factors of ((-4)/12)/((-1)/(32 + -2))?
2, 5
Let t = 7 - -4. What are the prime factors of t?
11
Suppose x = 3*d